 23*s**2. Let m(z) be the third derivative of v(z). What is m(6)?
5
Let l(o) = o**2 + o - 9. Let f be (-3)/(-4) - (-39)/12. Suppose -f = z - 0. Let q = 4 + z. Give l(q).
-9
Let v = -4 + 6. Let r(s) = 3*s - 2. Let h(f) be the second derivative of -7*f**3/6 + 2*f**2 + 20*f. Let b(c) = 2*h(c) + 5*r(c). Give b(v).
0
Let y(w) = -13*w - 3. Let x(z) = 26*z + 7. Let q(h) = 6*x(h) + 13*y(h). Determine q(2).
-23
Let q(z) = 3*z**2 + 20*z - 25. Let c be q(-8). Let j(x) = -x**3 + 7*x**2 + 5*x + 1. Determine j(c).
36
Let p(m) = -10*m**3 + 39*m**2 - 14*m + 6. Let g(w) = 7*w**3 - 27*w**2 + 10*w - 4. Let r(c) = 7*g(c) + 5*p(c). Let s be (-8)/(-1) - (1 - -1). What is r(s)?
2
Let s(z) = -2*z**2 + 14*z - 10. Let p be s(5). Let f(t) = -t**2 + 8*t - 11. Give f(p).
-31
Let k(y) be the first derivative of 2*y**2 + 11 - 8*y - 1/4*y**4 - 5/3*y**3. Calculate k(-6).
4
Let q(b) be the second derivative of b**5/20 - 2*b**4/3 + 4*b**3/3 - 3*b**2 - b - 112. Calculate q(7).
1
Suppose 0 = 76*i - 83*i - 49. Let d(j) = j**3 + 7*j**2 - 9. Calculate d(i).
-9
Let u(o) = o**3 - 3*o**2 - 2*o - 1. Suppose -276 + 264 = -3*l. What is u(l)?
7
Let y(p) = -p + 14. Let w be y(8). Let n(x) = x. Determine n(w).
6
Let d be (-6)/(330/(-415)) - (-18)/(-33). Let k(n) = n - 9. Determine k(d).
-2
Let b(t) = -34*t**3 - 6 - 1 + 6*t**2 + 35*t**3 + t. What is b(-6)?
-13
Let r(y) be the second derivative of -y**3/6 - y**2/2 - 3*y - 4. Let b = 19 + -13. Determine r(b).
-7
Let p be 0*(4 - 5 - -2). Suppose 8 = -5*d - 12, 2*i - d + 32 = p. Let s = 21 + i. Let y(m) = -m. Calculate y(s).
-3
Let q(j) = j**2 - j + 1. Let s(z) = -z**2 + 4*z - 4. Let l(d) = -2*q(d) - s(d). Give l(1).
-1
Let a = 2591 - 2585. Let r(t) = -t**3 + 6*t**2 - 3*t - 6. What is r(a)?
-24
Let b(j) be the second derivative of j**3/6 + 11*j**2/2 - 2*j - 121. Let k = -3 + -2. Determine b(k).
6
Let u(s) = s**2 - s + 1. Suppose 0 = 5*b + 3*c + 5, 0*b + b - 2*c - 12 = 0. Let w(a) = 3*a**2 - a - 5*a**2 + 11 - 4 + a**b. Let k be w(-3). Calculate u(k).
1
Let q = -2348 + 2342. Let t(f) be the first derivative of f**2 + 9*f + 4. Determine t(q).
-3
Let t be 6/(-33)*175 - (-2)/(-11). Let b = -27 - t. Let k(q) = -q + 3. What is k(b)?
-2
Let q(k) = -k**2 - 2*k + 17. Let t be q(6). Let o = 32 + t. Let w(g) = -g + 2. Give w(o).
1
Suppose 0 = 4*a + z - 11, 14 = 4*a - 0*z - 2*z. Let k be 4/12*45/a. Let u(b) = b**3 - 6*b**2 + 6*b - 4. Calculate u(k).
1
Suppose 2*u + 11 = 2*l - 9, 3*l + 5*u = -10. Suppose 4*v + 15 = a - 6, l*v = 4*a - 40. Let j(f) = -f**2 + 6*f - 7. What is j(a)?
-2
Suppose -9*g = -5*g + 3*l + 20, 0 = g + 5*l + 22. Let v(i) = i + 1. Calculate v(g).
-1
Let j be (17/34)/((-2)/(-24)). Let y be j/4*2*(-2)/(-6). Let d(c) = 8*c**3 - 2*c**2 + c. Calculate d(y).
7
Let t(x) = 15*x - 74*x**2 - 3 + 48*x**2 + 25*x**2. Determine t(6).
51
Let c be 10 + -8 - (-1 - -2). Suppose 4*b + c = -h + 3, 5*b = 0. Let z(i) = 3 + 5*i**3 + 4*i**h + 15*i - 4*i**3 - 16*i. What is z(-4)?
7
Let r(q) = -22*q**2 - 34*q + 22. Let a(s) = -5*s**2 - 8*s + 5. Let d(i) = -9*a(i) + 2*r(i). Determine d(-6).
11
Suppose -3*q + 5*f = -15 - 15, -4*f - 12 = 0. Let z(m) = 2*m**3 + 2*m**3 - 3*m**3 - 4*m**2 - 3 + 0 - 5*m. Determine z(q).
-3
Let m(q) be the third derivative of q**6/120 + 3*q**5/20 - q**4/8 + q**3/6 + 661*q**2. Determine m(-9).
28
Let z(i) be the first derivative of -i**2/2 + 5*i + 1. Let k = -1200 + 1200. Calculate z(k).
5
Let j(h) = 5*h**3 + h**2 - h + 1. Let u(s) = s**2 - 3*s - 4. Let m be u(6). Let t = m + -9. Suppose -v - 4*v = -t. Give j(v).
6
Let g(z) = 7*z + 12. Let m(d) = 15*d + 20. Let b(c) = -5*g(c) + 2*m(c). Give b(-4).
0
Let a(b) = -8*b**2 + 2*b - 1. Let c(w) = -w**3 + 13*w**2 - 14*w + 25. Let p be c(12). What is a(p)?
-7
Let i(s) = s. Let d = -105 - -112. Let y = 0 + 3. Suppose y*w + d = -2. What is i(w)?
-3
Let j = 35 + -28. Let z(p) = -p - j*p + 2*p - 3 + 5*p. Calculate z(0).
-3
Let h be (38/(-5))/1 - 30/(-50). Let g(v) = -v. What is g(h)?
7
Suppose 20*m + 8*m - 84 = 0. Let r(g) = -3*g**2 + 4*g + 4. What is r(m)?
-11
Suppose 4*h - 69 = 91. Suppose 0 = 3*r - 2*r - 5*c - 4, -5*r = 5*c + h. Let y(i) = i**3 + 7*i**2 + 4*i - 8. Give y(r).
4
Let r(o) = 4*o**3 - o**2 - o - 1. Let k be r(-1). Let l(u) = 2*u**2 + 28*u + 10. Let q(h) = 3*h**2 + 45*h + 19. Let c(x) = -5*l(x) + 3*q(x). Determine c(k).
7
Let h(s) = 4 + 5 - s**2 - 151*s + 4 + 158*s. Calculate h(9).
-5
Let r(a) be the first derivative of -3*a**2/2 - 8*a + 826. Determine r(-7).
13
Suppose -z + 5*z + 9 = x, 2*z + 17 = 3*x. Let c(f) = -f**3 + 4*f**2 + 5*f - 4. Determine c(x).
-4
Let i(g) be the first derivative of -5*g**2/2 - 21*g + 401. Determine i(-6).
9
Let h = -2/1983 + 223/2644. Let g(c) be the second derivative of 1/3*c**3 - h*c**4 - 4*c + 0 - 3/2*c**2. Determine g(2).
-3
Let s(z) be the second derivative of 1/4*z**4 - 1/2*z**3 + 41*z + 0 + 1/20*z**5 + 0*z**2. What is s(-4)?
-4
Let p be 87/9 + 2/6. Let c(n) = -6 + 11 - 16 - 20 + 41 - n. Give c(p).
0
Suppose -5*h + 7*h - 6 = 0. Let u(r) = h*r**3 + 0*r**2 + 8 + 7*r**2 + 6*r - 2*r**3. Give u(-6).
8
Let y(u) = 7*u**2 + 7*u - 20. Let h(c) = 26*c**2 + 29*c - 79. Let t(w) = 3*h(w) - 11*y(w). Calculate t(-12).
7
Let t be 2/(-16)*-4*2. Let h be 1 + t/(3 + -2). Let n(u) = 8 - 3*u + 3*u**h - 2*u**2 - 13. Determine n(5).
5
Let c(m) = m**2 - 5*m + 14. Let p = -1060 - -1066. Calculate c(p).
20
Let c(p) = -p**3 + 4*p + 3. Let j be c(-2). Let r(l) = -2*l**2 - j + 3*l**3 - l**3 + l**3 - l - 4*l**3. Calculate r(-3).
9
Let y(d) = -5*d**2 - 22*d + 12. Let k(a) be the second derivative of -a**4/6 - 7*a**3/6 + 2*a**2 - 32*a. Let r(w) = 8*k(w) - 3*y(w). What is r(9)?
5
Let y = 322 - 339. Let t(c) = c**2 + 17*c + 5. Determine t(y).
5
Suppose -d + 2*k = -8, -3*k = -k + 10. Let t(u) = 12*u + 1. Give t(d).
-23
Let j be (-14 - -94) + (1 - 1). Let x(w) = w**3 + 3*w**2 - 10*w**2 + j + 6*w - 84. Give x(6).
-4
Suppose -17*t - 245 + 126 = 0. Let v(j) = 2*j - 5. Determine v(t).
-19
Let y(p) = -5*p + 9. Let l(x) = 4*x - 11. Let i(s) = 3*l(s) + 2*y(s). Determine i(10).
5
Let d(n) = -110*n**3 + 6*n**2 - 6*n - 31. Let v(g) = -37*g**3 + 2*g**2 - 2*g - 11. Let z(j) = -6*d(j) + 17*v(j). What is z(1)?
30
Let z = 35 + -61. Let n be 4/10 - z/10. Let c(y) = -y**2 - 4. Determine c(n).
-13
Let f be (42/(-19))/(-2) - (-54)/(-513). Let s(q) = 49*q - 2. Determine s(f).
47
Let u(q) = 3*q - 2. Let f(g) = -4*g + 2. Let a(i) = 2*f(i) + 3*u(i). Suppose -5*z = 8*z + 39. Let b(d) = -3*d + 6. Let j(x) = z*b(x) - 8*a(x). What is j(-5)?
-7
Suppose 6*f = 3*f + 9. Let m be (1 + -1)/(0 + -1). Suppose 4*a + 2 = -f*h, 4*h + 9 = -m*a + a. Let b(i) = i**2 + 3*i. Determine b(h).
-2
Let w(v) = -7*v - 4. Let c(y) = 8*y + 5. Let u(a) = -3*c(a) - 4*w(a). Determine u(0).
1
Let w(s) = 9*s + 2. Let h be w(2). Let r = -10 + h. Let t be (-24)/r - 24/40. Let f(k) = -k**2 - 4*k + 1. Determine f(t).
4
Let o(y) be the third derivative of 0 + 0*y + 1/6*y**3 + y**2 + 1/24*y**4. Suppose 3*x + 4 = 19. Give o(x).
6
Let d = -13 - -20. Suppose a - 2*a + 3 = y, -3*y = 2*a - d. Suppose a*g = g. Let o(m) = -m. Give o(g).
0
Suppose 0 = 18*d + 61 + 29. Let l(i) be the second derivative of -i**5/120 + i**3/2 - 2*i. Let h(g) be the second derivative of l(g). Give h(d).
5
Let r(z) be the second derivative of z**3/2 - 25*z**2/2 + 12*z. Let y be r(9). Let l(m) = -2*m + 2. Give l(y).
-2
Let w(a) be the third derivative of a**6/120 - a**5/4 + a**4/24 - 7*a**3/6 - 118*a**2 - 3*a. What is w(15)?
8
Let k(v) be the second derivative of v**5/20 - v**4/12 - v**3/6 - 8*v**2 + v. Let l = 36 - 36. Suppose 3*p + 2*p = -l*p. Give k(p).
-16
Let t = -472 + 477. Let f(l) = l**2 - 2*l - 1. Determine f(t).
14
Let j(n) = 3*n**2 + n + 3. Suppose 3*b + 15 = 0, -3*b = -4*t - 17 + 60. Let r(f) = -6*f**2 - 2*f - 7. Let p(i) = t*j(i) + 3*r(i). Calculate p(-2).
10
Let y(r) = r**2 - r - 34. Let g be y(6). Suppose -5*l - 14 = -44. Let b(w) = -5*w + 2. Let h(f) = 3*f. Let m(q) = l*h(q) + 3*b(q). Calculate m(g).
-6
Let i(z) = -z**3 + 5*z**2 + 2*z - 3. Let n be i(5). Let l(v) = -n*v - v + 6*v - 1. Calculate l(-3).
5
Suppose -r + 4*r + 21 = 5*m, 0 = -5*r - 10. Let u(c) = -5 - 5*c**2 + 4*c + m*c**2 + 2. Suppose -44 = -66*b + 44*b. Determine u(b).
-3
Let s(c) = -c - 3. Let t be s(0). Suppose 3*q = -3*v - 6, 5*v + 34 - 8 = 3*q. Let j(f) = -8 + 483*f**q + f**3 + 4 - 479*f**2. Determin